be y(8). Let v(p) = 9*p - 8. Let u(o) = k*v(o) - 4*a(o). Calculate u(9).
5
Let f(m) be the third derivative of 0 + 7/20*m**5 + 70*m**2 + 0*m**4 + 0*m - 1/6*m**3. Give f(1).
20
Let t(f) = f - 4. Let z = -91 - -219. Let w = -139 + z. What is t(w)?
-15
Let z(x) = -5*x**2 - 11*x - 3. Let u = 3924 + -3926. Calculate z(u).
-1
Let b = 66 + -66. Let a(d) = -11*d**2 - 2*d. Let w(n) = 5*n**2 + n - 1. Let s(t) = -4*a(t) - 9*w(t). Determine s(b).
9
Let f(j) = -j**2 + 454*j + 6549. Let y be f(-14). Let m(x) = 4 + x - 9*x**2 - 4*x + 3*x**2 - x**3. What is m(y)?
-14
Let z = 19271 + -19267. Let p(k) be the first derivative of k**4/24 - k**3/3 + k**2/2 - 1. Let j(l) be the second derivative of p(l). Determine j(z).
2
Suppose -u + 3 = 5. Let l(o) = -2*o + 2*o - o. Let n(d) = -d + 10. Let i(w) = u*l(w) + n(w). Give i(0).
10
Let m(x) = -2*x - 5. Let b(n) = 4*n + 4. Suppose 0*t - 8*t - 8 = 0. Let w be b(t). Suppose 2*g + 3 + 5 = w. Give m(g).
3
Let y(v) = -v - 4. Let r be 3/(-2) - 84/(-24). Suppose 3*g - 3 = 0, w - g - r*g = -9. Calculate y(w).
2
Let y(b) = -5*b - 41. Let q be (((-21)/(-3))/(-14))/(1/42). Let h = -28 - q. Let r be y(h). Let d(a) = -a - 6. Determine d(r).
0
Let s(n) = -9*n**2 + 11*n + 11. Let a(o) = 3*o**2 - 4*o - 4. Let p(c) = -17*a(c) - 6*s(c). Let y be p(-1). Let f(k) = 4 + k - 2 - y*k + 4*k. Calculate f(-4).
-6
Suppose -5*z - 5*z - 13*z = 0. Let b(g) be the third derivative of -22*g**2 + 1/2*g**3 + 1/24*g**4 - 1/60*g**5 + z*g + 0. Determine b(3).
-3
Let v(j) = -j**2 - 8*j - 4. Let s(a) = 5*a + 37. Let g be s(-8). Let m = g - 5. Calculate v(m).
-4
Let j(h) = 2*h**2 + 61*h + 49. Suppose -74 = 3*s + 2*k, 7*s - 12*s = 3*k + 126. Calculate j(s).
19
Suppose 87 + 3 = 10*v. Let r(o) = 54*o + 7 - 175*o + v + 57*o + 63*o. Determine r(13).
3
Let v be (5 - 5) + 13 + -12. Let r(u) = 58*u**2 - 1. What is r(v)?
57
Let q(l) be the first derivative of -l**2/2 + 2*l + 15. Let j be q(0). Suppose -2*m + 8 = -j. Let f(w) = w**3 - 6*w**2 + 3*w + 3. Determine f(m).
-7
Let y(n) = n + 1. Let k(z) = -6*z + 2. Let l(m) = -k(m) + 2*y(m). Let r(d) = 9*d + 4. Let w(o) = 4*l(o) - 3*r(o). Give w(9).
33
Let u(v) = v**3 - v**2 - v + 3. Let j be u(0). Let x(h) = -2 - h**2 - j - 3*h + 0 - 2*h. Suppose 11 = -13*w - 54. Calculate x(w).
-5
Let m(z) = -13*z**3 + z**2 + 50*z - 74. Let x(j) = 7*j**3 - 26*j + 41. Let q(b) = -6*m(b) - 11*x(b). Determine q(8).
9
Let p be 15/(-1) - (-53 - -49). Let n(s) = s**3 + 12*s**2 + 13*s + 22. What is n(p)?
0
Let v(x) be the second derivative of -2*x**2 + 0 - 428*x - 1/3*x**4 + 1/10*x**5 + 0*x**3. Suppose -c + 0*c + 2*y = 5, -2*c + 10 = y. Determine v(c).
14
Let u(k) = 3*k**3 + 23*k**2 + 7*k - 4. Let g be u(-7). Let a be (5/g)/((-210)/54 - -4). Let o(b) = 2*b + 2. What is o(a)?
4
Let s(m) be the third derivative of -7/8*m**4 + 0 - 12*m**2 + 1/6*m**3 + 0*m. Calculate s(1).
-20
Let x(p) be the third derivative of p**6/360 - p**5/120 + p**4/3 - 14*p**3 - 65*p**2. Let f(i) be the first derivative of x(i). What is f(0)?
8
Let i be (-32)/20*-1*5. Let q = 4 - i. Let p(m) = -m**3 - 3*m**2 - 2. Let u(j) = 3*j**3 + 10*j**2 + 5*j + 6. Let r(c) = -4*p(c) - u(c). Give r(q).
-10
Suppose -22 = 2*c + 2048*f - 2043*f, -3*c = 2*f. Let t(r) = -14*r + 28. Determine t(c).
-28
Let q be 11 - (1 + -4)/(-3). Let h(o) = -3*o**2 - 13*o - 231. Let n(p) = -2*p**2 - 6*p - 136. Let j(c) = -3*h(c) + 5*n(c). What is j(q)?
3
Let n(y) = 4*y**2 + 4*y + 1. Suppose 2*j + 98 + 4 = 0. Let i be (-10)/(-25) + j/15. Calculate n(i).
25
Let y(s) = 15*s + 84. Let n be ((3/(-1))/3)/((-25)/(-150)). Determine y(n).
-6
Let j be (8 - -14)*(-1)/(-2). Let g(p) = 2*p - 3*p - j - 1 + 15. Calculate g(9).
-6
Let i be ((-2007)/(-18) + -8)*(-16)/(-2). Suppose 814*x = i*x - 42. Let h(t) = t**2 + 0 + 0 - 5*t. What is h(x)?
-6
Let a(g) = g - 3. Let p(x) = 13*x - 122. Let i(h) = -17*a(h) + p(h). What is i(-15)?
-11
Let g(i) = 0*i - 17 + 2*i - 24 + 13. Suppose -2572 = -101*y - 70*y - 349. Calculate g(y).
-2
Suppose 4 = i, -8*i = p - 3*i - 28. Suppose 10*m - p*m = 4. Let r(y) = 2 + 6 - 8 - m*y**2. Determine r(-2).
-8
Suppose -2 + 2 = -7*q. Suppose q = 4*t - 50 + 14. Suppose c - 8 + t = 0. Let k(w) = -7*w**2 - w. What is k(c)?
-6
Let a(i) be the third derivative of i**4/8 + i**3/3 + i**2 - 1238. What is a(-3)?
-7
Let n be (1 + 32)*(-4)/(-54)*9. Let o(a) = -10*a + 226. What is o(n)?
6
Let m(b) = -2*b**3 + 1. Let a be ((-3)/6*4)/((-4)/10). Suppose a*o + 0*k - 6 = 4*k, 4*k + 10 = 3*o. Let d(h) = h**2 + h - 3. Let j be d(o). What is m(j)?
3
Let u(d) = -53*d + 2405. Let a be u(45). Let h(w) = 2*w - 37. Determine h(a).
3
Let w(g) = -10*g**3 - 4*g**2 - 46*g - 47. Let b(n) = -3*n**3 - 2*n**2 - 14*n - 15. Let v(r) = -7*b(r) + 2*w(r). What is v(-5)?
6
Let r(c) = c + 2. Suppose -78*t + 42 = -75*t. Suppose t*h = 20*h - 48. What is r(h)?
10
Let q = 6992 + -6979. Let j(f) = -3*f - 11. What is j(q)?
-50
Let u = 316 - 300. Let n(g) = 65*g - u - 19*g - 22*g - 25*g. What is n(-20)?
4
Let k(f) be the second derivative of 11*f**4/12 - f**2/2 + 4597*f. Suppose -2*u + 4*x + 1 = x, 1 = -5*u + 4*x. Calculate k(u).
10
Let l(i) = i + 26. Let w be -11*(-11517)/9801 + 4/54. Calculate l(w).
39
Let i(g) = -g**2 + 25*g - 43. Let t be 2/(-11) + (-1530)/(-264)*4. Determine i(t).
3
Let x(h) = h**2 + 6*h - 5. Let z = 1163 - 1162. Let i(a) = -a**3 + 5*a**2 + 6*a + 5. Let k be i(6). Let n be (-1 - -7)/(((-5)/z)/k). Calculate x(n).
-5
Let f(w) be the third derivative of w**5/60 + w**4/3 - 29*w**3/6 + 1288*w**2. Calculate f(5).
36
Let r(g) = -g**3 + 2*g**2 + g + 7. Suppose -127 = -y - 124. Let p be r(y). Let z(u) = -5*u + 1. What is z(p)?
-4
Let j(z) = -z**3 - 7*z**2 + 5*z - 14. Let l(y) = y**3 + 6*y**2 - 3*y + 12. Let o(q) = -4*j(q) - 5*l(q). Determine o(-1).
0
Let j(d) = -d**3 + 26*d**2 - d + 33. Let r be j(26). Let y be 3 + -1 + r + -9 - 7. Let h(k) = -k**3 - 7*k**2 - 2*k - 9. What is h(y)?
5
Let z = -110 + 112. Let j(d) = -2*d**z + 128*d + 129*d - 254*d - 2. Determine j(2).
-4
Let c(k) be the third derivative of k**4/24 + 7*k**3/2 - 820*k**2. Determine c(-16).
5
Let h(o) = 10*o**2 - 373*o - 73. Let t(g) = -2*g**2 + 62*g + 12. Let r(s) = 2*h(s) + 13*t(s). What is r(10)?
10
Let u = -1 + 3. Let p(d) = -7*d - 1 + 0 + 2*d**u - 3*d**2. Let l be -17 + 19/(228/120). Determine p(l).
-1
Let r(t) = 11*t**2 + 2*t - 5. Let g be r(-2). Let w(z) = 7 + g*z - 34*z - 17. What is w(0)?
-10
Let y(h) = 2*h**2 + 2*h - 1. Let a(v) = -3*v - 10. Let w(p) = 13*p + 45. Let s(b) = 9*a(b) + 2*w(b). Let l(q) = -5*s(q) - y(q). Determine l(-2).
-13
Let l be 6/(-14) + 384/112. Let y(i) = 8*i + l*i - 7*i - i**2 + 3 + 1 - 6*i. Give y(5).
-31
Let h be 9/4 + 7/(-28) - -182. Let a = h - 181. Let n(x) = -3*x - 10. Let b(p) = 7*p + 21. Let c(g) = -4*b(g) - 9*n(g). Calculate c(a).
3
Let i(f) = -7 + 209*f + 200*f - 5 - 410*f. Let k be -1 + 2/4*(-4 - 6). Determine i(k).
-6
Suppose 12*t + 1 = 10 + 3. Let q(c) = 99*c + 4. Determine q(t).
103
Suppose 7375*r - 7370*r = -40, -2*l - 56 = 3*r. Let c(p) = -10*p - 165. Determine c(l).
-5
Let f be 2/((-24)/(-9) + -2). Suppose -5*a - 2*v + 20 = 3*v, -4 = a - 3*v. Let h(g) = -g - f - 10*g**2 - a*g + g + 4. Determine h(1).
-11
Suppose 47*z = 259 + 117. Let t(q) = 3*q + z*q + 4 - 6 + q**2 + 2. Calculate t(-12).
12
Suppose 4*i = h - 26, h = -4*i + 114 - 128. Let x(q) = -2*q**2 + 13*q - 28. What is x(h)?
-22
Suppose -5*k - 3*m + 26 = m, -12 = -2*k - 2*m. Let u be (-2 - -4)*((-3)/k)/(-3). Let v(s) be the first derivative of 17*s**3/3 + s**2/2 - 42. What is v(u)?
18
Let l(m) = 54*m + 15. Let i(c) = 26*c + 7. Let z(f) = -5*i(f) + 2*l(f). Let h(k) = 46*k + 11. Let j(r) = 6*h(r) + 13*z(r). Give j(1).
-9
Let g(f) be the first derivative of -2*f**3/3 + 4*f**2 - 7*f - 315. Calculate g(5).
-17
Let z be (-25)/10*(9 - (-63)/(-9)). Let a(p) = 2*p**2 - 3*p - 21. Calculate a(z).
44
Let p(k) = -5*k - 12 - 2*k**2 + 27*k**2 + k + 5*k**3. Let b(j) = j**3 + 6*j**2 - j - 3. Let w(q) = -9*b(q) + 2*p(q). Let z = -10792 + 10796. What is w(z)?
7
Suppose -a - 16 = 26*k - 28*k, 0 = -k - a + 2. Let p(v) be the second derivative of -v**4/12 + v**3 - 5*v**2/2 + 2*v. Give p(k).
-5
Let j be (-5)/10*(1 + 1)*-1. Let c(z) = 47*z**2 - 90*z**2 - j + 11*z**3 + 44*z**2. Suppose -37*x = -46*x - 9. What is c(x)?
-11
Let g(w) = -w**3 - 10*w**2 - 6*w + 16. Let o = 2875 - 2884. Determine g(o).
